w be u(9). List the prime factors of 128 + w - (-33 + 32).
2, 5, 13
Suppose -5*o = -y - 4*y + 1385, -2*y + 558 = -o. What are the prime factors of y?
281
Let u = 1737 - 5. What are the prime factors of u?
2, 433
Let l(v) be the third derivative of 0*v + 0*v**4 + 1/120*v**6 + 5*v**2 + v**3 + 0 + 1/10*v**5. What are the prime factors of l(-5)?
31
Let x(q) = 2*q + 2. Let h(l) = l**2 + 4*l - 6. Let f = -10 + 4. Let t be h(f). List the prime factors of x(t).
2, 7
Suppose -340 = a - 5*a. Suppose -a = -3*q + 47. Suppose -w = -2*b + 4*w + q, 3*w = 2*b - 52. List the prime factors of b.
2
Suppose 5*b = 4*i - 5, -b + 1 = -2. Suppose -5*k + i = 0, 4 = m + 3*k - 3. Suppose -3*c + m*c = 5. List the prime factors of c.
5
Let h(j) = -j**3 + j**2 - 3*j + 1. Let p be h(3). Let i = p - -197. What are the prime factors of i?
3, 19
Let z = -82 + 89. What are the prime factors of z?
7
Let s(u) = -6*u**3 - 4*u**2 + 32*u + 36. What are the prime factors of s(-7)?
2, 3, 31
What are the prime factors of 5560/30 - 2/(-3)?
2, 3, 31
Let b(i) = -i**3 - 5*i**2 - 2*i - 5. Let u be 0/1 - 6/(-3). Let n be (0 + 2/u)*-5. List the prime factors of b(n).
5
Suppose 14*t = 20*t - 2094. List the prime factors of t.
349
Let o(l) = l**3 + 10*l**2 - 5*l + 4. Suppose -f - 1 - 2 = 0, 4*k - 5*f = -17. List the prime factors of o(k).
2, 43
List the prime factors of (-24)/84 - ((-3187)/7 + 2).
3, 151
List the prime factors of 12/(-2)*(-3855)/90.
257
Let q be -3 + -19 + -1 - 2. Let o = q + 6. Let i = o - -38. List the prime factors of i.
19
Let p(c) = c - 29. Let z(l) = -3*l + 58. Let y(x) = -5*p(x) - 2*z(x). What are the prime factors of y(0)?
29
Suppose -14*m + 2668 = -2890. What are the prime factors of m?
397
List the prime factors of (2/(-4))/((-1)/8112).
2, 3, 13
Let z = -36 + 59. What are the prime factors of z?
23
Suppose 12*l = 999 + 777. Suppose -s = r - 0*s - l, 4*r - s = 607. What are the prime factors of r?
151
Let n(m) = m**3 - 6*m**2 + 5*m + 4. Let j be n(5). Suppose 2*g - 30 = -0*g - j*c, 5*g - 59 = -2*c. List the prime factors of g.
11
Let m(b) = 3*b**2 - 6*b**2 + 4*b**2 - 10*b - 16. Let r be m(11). Let t(j) = 2*j**2 + j - 6. What are the prime factors of t(r)?
3, 13
Let x(z) = 2*z**2 - 2*z. Let j be x(2). Suppose -j*l - 18 = -5*l. List the prime factors of l/(0 + 0 + 1).
2, 3
Let c(l) = -l**3 + 7*l**2 + 10*l - 1. Let a = 28 - 24. What are the prime factors of c(a)?
3, 29
Suppose 3*g - 3*d + d - 223 = 0, -3*d = 5*g - 378. Let j = 134 - g. List the prime factors of j.
59
Suppose -29*p + 66895 = -17611. List the prime factors of p.
2, 31, 47
Let m(k) = k**3 + 4*k**2 + 3*k + 1. Let x be m(-2). Suppose -2*g - 84 = -x*g + 5*b, 0 = -2*b - 4. List the prime factors of g.
2, 37
List the prime factors of (-36)/30*(-1050)/9.
2, 5, 7
Let h be ((-37)/4)/(4/(-16)). Suppose 4*u - 55 - h = 0. Suppose u = 5*k + 8. List the prime factors of k.
3
Suppose -13*g = 2*g - 660. Suppose -49*w = -g*w - 130. List the prime factors of w.
2, 13
Let p = 1043 + -329. List the prime factors of p.
2, 3, 7, 17
Let o(k) = 2*k**2 - 4*k. Suppose 0 = -3*r - 5*u + 1, 2 = -2*u + 3*u. List the prime factors of o(r).
2, 3, 5
Let t = 1517 + -580. What are the prime factors of t?
937
Let d(c) = -c**3 - 7*c**2 + 16*c - 8. Let i be d(-12). Suppose h - 130 = 5*r, 9*h - 2*r = 5*h + i. Let x = h + -93. What are the prime factors of x?
37
Suppose -7*i = 2*z - 4*i - 4266, z - 2131 = -i. List the prime factors of z.
3, 709
Let z(x) = x**2 + 13*x - 12. Let i be z(-10). Let d = i - -74. List the prime factors of d.
2
Let z(o) = -o**3 - 8*o**2 - 7*o + 8. Let n be z(-7). Let b be (-164)/(-32) - 1/n. Suppose 0 = 5*p + f - 63, -57 = -0*p - b*p - 4*f. List the prime factors of p.
13
Let o(p) = 55*p**2 - 24*p + 24. List the prime factors of o(-9).
3, 5, 313
Suppose -5 = -f, 6*l + 80 = l - f. Let j = l + 24. Suppose -12*c = -j*c - 15. What are the prime factors of c?
3
Let n be (-4)/14 + (-37)/(-7). Let c = -24 + 33. Suppose -21 = -n*g + c. List the prime factors of g.
2, 3
Let h(u) = -u**3 - 9*u**2 - 4*u - 27. List the prime factors of h(-11).
7, 37
Let z = -37 + 31. Let i(d) = -11*d - 7. Let g be i(z). Let x = g + -24. What are the prime factors of x?
5, 7
Suppose 20 = 7*j - 36. Suppose v + 14 = j*v. What are the prime factors of v?
2
Suppose 0 = f - 3*k + 205, 5*f - 3*f + 377 = -5*k. Let q(g) = -3*g**2 + 3*g - 2. Let c be q(7). Let t = c - f. List the prime factors of t.
2, 17
Suppose -1 = 3*i + 4*x, -2*x + 17 = 5*i - 0. Suppose 0 = i*q - 259 + 4. Let a = q + -24. List the prime factors of a.
3
Let l(n) = -n + 8. Let a be l(6). Suppose -2*s + 3*u = -u, u - 10 = -a*s. Suppose -o + 113 = 4*o - 3*y, -s*o + 2*y + 90 = 0. List the prime factors of o.
2, 11
Let v(n) = 45*n**2 - 5*n + 12. What are the prime factors of v(4)?
2, 89
Let x(a) be the first derivative of 5*a**3/3 + a**2/2 + a - 11. Let c be 2 - 3/((-6)/(-8)). What are the prime factors of x(c)?
19
Suppose 4*n - 105 = -4*j + 7*n, -3*n - 33 = -j. What are the prime factors of j?
2, 3
Suppose -27 = 5*v - j, 5*j = v - 0*j + 15. Let g(c) = c**3 + 4*c**2 - 2*c + 7. Let d be g(v). Let r = d + 34. List the prime factors of r.
2, 13
List the prime factors of (-21)/(2298/(-570) + 4).
5, 7, 19
Suppose 4*y = -8 - 4. Let r be (9/(-6))/(y/(-4)). What are the prime factors of 3/r*(-72)/27?
2
List the prime factors of ((-44)/(-110))/((-1)/(-150)).
2, 3, 5
Let d = -7 - -7. Suppose -3*h + h - 5*r = -110, d = 4*h + r - 202. Suppose 0*s = 2*s - h. List the prime factors of s.
5
Let s(j) = j**2 + 4*j - 2. Let d be s(-4). List the prime factors of -7 - -96 - (-1)/d*0.
89
Let z be 3 + 1 - (3 + -6). Suppose z*v - 15 = 4*v. Suppose 5 = -v*x + 20. List the prime factors of x.
3
Suppose -5*f + 2064 - 539 = 0. Let u = -72 + f. List the prime factors of u.
233
List the prime factors of (-6)/51 - 11749/(-17).
691
Let s(z) = 39*z**2 + 1. Let a be s(-1). Suppose -5*r + 21 = 21. Suppose 2*x + a - 186 = r. What are the prime factors of x?
73
Suppose 13266 = 12*w + 6*w. What are the prime factors of w?
11, 67
Let g = 69 - 45. Suppose 3*o = 135 - g. List the prime factors of o.
37
Suppose -2*h + 10 = 3*h. Let o be 1128/(-18) + h/(-6). Let n = -37 - o. What are the prime factors of n?
2, 13
Suppose -5*k - 3*t - t - 37 = 0, 0 = k + 5*t + 20. What are the prime factors of -38*(-1 + k - -4)?
2, 19
Let r be (-5)/10*-20*2/5. Suppose -r*s = -5*z - 227, 0*s - 3*s + 168 = -3*z. What are the prime factors of s?
53
Suppose 4*l = -20, 4*l + 110 = -z + 6*z. What are the prime factors of -5 + 145/30 + 2901/z?
7, 23
Let g be (207/(-12))/(24/(-704)). What are the prime factors of (7/(-2))/((-11)/g)?
7, 23
Suppose 4*f + 4 = 4*l, -5*l + 5*f - 9*f = -23. Suppose -4*r - 430 = -2*v, -2*v - 4*r = -l*r - 430. What are the prime factors of v?
5, 43
Let g(h) = 6*h**2 + 12*h + 16. List the prime factors of g(6).
2, 19
Let b(m) = 19*m - 22. Let j be b(13). Suppose 4*s - j = -57. What are the prime factors of s?
2, 3, 7
Let q(i) = 3*i**3 - 10*i**2 - 32*i - 26. What are the prime factors of q(11)?
5, 13, 37
Let i = 2427 - 1289. List the prime factors of i.
2, 569
What are the prime factors of (-22944)/(-72) - 1/(-3)?
11, 29
Suppose -42*f + 28532 = -7714. What are the prime factors of f?
863
Suppose 0*y - 3*y = 5*m - 733, 5*y + m = 1229. What are the prime factors of y?
2, 3, 41
Suppose -5*x - 3 = -3*n - 25, 5*n = -2*x - 16. Suppose 2*l + x*b - 1 = 3*b, 0 = 3*l + 4*b - 18. Suppose 52 = 6*q - l*q. What are the prime factors of q?
13
Let o be 4/(-14) + 1480/35. What are the prime factors of 1401/21 - (-12)/o?
67
What are the prime factors of (-30)/45 - (-2 - 3597/9)?
401
Let r(s) = -s**2 - 13*s - 9. Let i be r(-13). Let u = 11 + i. Suppose -3*b = -3*g + 6*g - 39, -5*g + 53 = u*b. What are the prime factors of g?
3
Let y(o) = 2*o + 2. Let r be y(1). List the prime factors of (6/r)/((-33)/(-506)).
23
Suppose -16*a = -11842 - 334. What are the prime factors of a?
761
Let y(x) = -286*x - 8. What are the prime factors of y(-2)?
2, 3, 47
Let y(n) be the second derivative of n**4/12 + 19*n**3/6 - 17*n**2/2 - 23*n. List the prime factors of y(7).
3, 5, 11
Let g = 45 + -84. Let w = 39 - g. List the prime factors of w.
2, 3, 13
Suppose -6 = 2*a + 8. Let i be a - -4 - (0 + -8). Suppose i*b - 55 - 75 = 0. List the prime factors of b.
2, 13
Suppose 0 